
Let r(d) = 9*d**2 - 1536*d + 8399. Calculate r(165).
-16
Let n(z) = -932*z + 52207. Determine n(56).
15
Let k(o) = 204*o**3 - 3016*o**2 + 2246*o - 108. Calculate k(14).
-24
Let h(m) = -632*m + 1545. Give h(6).
-2247
Let k(u) = -117*u**2 - 46*u + 122. Give k(-3).
-793
Let o(c) = -c**3 - 18*c**2 - 12*c + 100. Give o(-16).
-220
Let v(y) = -794*y + 16487. Calculate v(19).
1401
Let d(l) = -99*l**2 + 27822*l - 515. Calculate d(281).
328
Let h(r) = -15*r**2 - 1770*r - 14720. What is h(-9)?
-5
Let i(o) = -o**3 + 47*o**2 + 557*o - 22628. Determine i(49).
-137
Let d(t) = 15*t - 1658. Determine d(55).
-833
Let o(t) = -37*t - 96. What is o(-8)?
200
Let v(l) = l**3 + 1691*l**2 + 40005*l - 120. Give v(-24).
-48
Let a(n) = n**3 + 7*n**2 - 256*n - 2057. Give a(-8).
-73
Let y(r) = 23*r**2 + 2172*r + 6951. What is y(-91)?
-238
Let a(q) = -4*q**3 - 7*q**2 - 1824*q - 21533. Calculate a(-10).
7
Let h(v) = -7*v - 246. What is h(-31)?
-29
Let d(u) = -u**3 + 14*u**2 + 1679*u - 23564. Determine d(14).
-58
Let t(x) = -53*x**2 + 263*x - 506. Calculate t(2).
-192
Let z(v) = -7348*v + 323356. Determine z(44).
44
Let i(x) = 3*x**3 - 78*x**2 + 401*x - 33. What is i(19)?
5
Let s(p) = -7465*p - 8534. What is s(-1)?
-1069
Let w(f) = -3*f**3 + 1041*f**2 - 6172*f + 215. Give w(6).
11
Let h(n) = 1000*n + 229059. Calculate h(-229).
59
Let x(l) = 2*l**3 + 42*l**2 + 161*l + 382. What is x(-17)?
-43
Let q(d) = -195*d**2 - 36691*d - 5837. Give q(-188).
-9
Let j(l) = 88*l**2 - 18657*l + 194. What is j(212)?
-18
Let b(l) = 20604*l - 494483. Determine b(24).
13
Let v(a) = 83*a**2 + 2089*a + 332. Give v(-25).
-18
Let z(p) = 10*p**3 - 45*p**2 + 85*p + 4. Calculate z(2).
74
Let q(x) = 131*x - 13108. Calculate q(96).
-532
Let q(u) = -2*u**3 - 92*u**2 - 4*u - 299. What is q(0)?
-299
Let u(c) = -1078*c + 15132. Give u(14).
40
Let f(v) = -259*v - 4513. What is f(-19)?
408
Let n(u) = 80*u**3 + 4*u**2 + 14*u + 12. Calculate n(-1).
-78
Let t(c) = -c**2 - 5938*c - 352657. Give t(-60).
23
Let x(c) = 16231*c + 97369. What is x(-6)?
-17
Let q(p) = -p**2 - 307*p - 17775. Determine q(-230).
-65
Let q(v) = v**3 - 72*v**2 + 102*v - 1864. What is q(71)?
337
Let c(i) = -i**2 - 69*i - 982. Determine c(-22).
52
Let x(n) = -n**3 - n**2 - 114*n - 1866. Determine x(-10).
174
Let j(g) = -1006*g**2 + 59351*g + 109. Give j(59).
-68
Let i(y) = -8*y**3 + 14*y**2 + 160*y - 962. Calculate i(6).
-1226
Let r(z) = -1949016*z + 97450795. Give r(50).
-5
Let p(k) = -2*k**3 - 71*k**2 - 48*k + 1864. What is p(-34)?
28
Let y(o) = 26439*o + 7614438. Determine y(-288).
6
Let y(p) = 10*p**2 + 565*p - 2173. Calculate y(-65).
3352
Let l(a) = -43*a**2 - 969*a + 797. Determine l(-23).
337
Let f(x) = -2*x**2 - 121*x - 1425. What is f(-51)?
-456
Let s(n) = -3*n**2 + 14*n + 150. Determine s(-15).
-735
Let r(p) = -9*p**3 - 34*p**2 + 15*p + 11. What is r(5)?
-1889
Let u(m) = -4*m**3 - 93*m**2 + 100*m + 2811. What is u(-23)?
-18
Let k(q) = q**3 - 148*q**2 + 436*q - 82. Determine k(145).
63
Let n(x) = -6085*x - 365094. Calculate n(-60).
6
Let r(m) = m**3 + 326*m**2 - 21307*m - 134104. Calculate r(-381).
8
Let r(l) = -43*l**2 + 933*l + 368. Determine r(22).
82
Let y(j) = -998*j**2 - 17965*j - 25. What is y(-18)?
-7
Let v(m) = -4208*m + 12829. Determine v(3).
205
Let t(p) = 18808*p - 9272389. Give t(493).
-45
Let g(w) = 35*w**3 - 10*w**2 + 11*w + 74. Calculate g(-2).
-268
Let c(i) = 4*i**2 - 34*i - 1595. Give c(-13).
-477
Let m(v) = -5*v**3 + 139*v**2 + 84*v + 62. Determine m(28).
1630
Let l(m) = -4*m**2 - 30936*m + 278738. Calculate l(9).
-10
Let a(u) = -847*u + 11537. Give a(14).
-321
Let v(l) = -6*l**2 + 746*l - 3879. Give v(119).
-71
Let p(n) = -2*n**3 + 42*n**2 + 3915*n + 118. Give p(56).
-162
Let x(p) = 2*p**3 + 22*p**2 + 28*p + 213. Determine x(-11).
-95
Let c(a) = -13187*a - 250502. Determine c(-19).
51
Let b(r) = -r**2 - 784*r - 89684. Determine b(-139).
-29
Let c(s) = -2*s**3 + 15*s**2 + 2021*s - 12252. Determine c(6).
-18
Let i(y) = -1539*y - 416924. Give i(-271).
145
Let k(a) = -557527*a - 22301051. Give k(-40).
29
Let l(a) = -232*a - 58432. Determine l(-252).
32
Let t(k) = -8611*k**2 + 51670*k - 27. What is t(6)?
-3
Let a(o) = -3*o**3 + 5*o**2 + 6*o - 56. What is a(-6)?
736
Let l(u) = 381*u + 758. Determine l(-2).
-4
Let z(h) = 2*h**3 + 270*h**2 + 532*h + 15. Give z(-133).
15
Let h(f) = -3*f**2 + 869*f + 82031. Give h(-75).
-19
Let u(v) = 853*v**2 - 5141*v + 171. Give u(6).
33
Let u(l) = -1648*l - 428489. What is u(-260)?
-9
Let t(g) = 17*g**2 - 1760*g + 28420. What is t(16)?
4612
Let w(q) = -68*q**3 + 80407*q**2 - 36644*q + 2369. What is w(1182)?
5
Let l(i) = 14947*i + 119736. What is l(-8)?
160
Let c(t) = 461744*t - 461754. Give c(1).
-10
Let y(h) = -814*h - 6636. Calculate y(-8).
-124
Let f(h) = -11*h**3 - 6*h**2 + 704*h + 1443. Calculate f(-7).
-6
Let w(n) = -n**3 - 217*n**2 - 9839*n + 2671. Determine w(-65).
6
Let p(q) = q**2 + 357*q + 20878. Calculate p(-65).
1898
Let m(c) = 104*c**2 + 3722*c - 796. Determine m(-36).
-4
Let h(l) = -14*l**2 - 2026*l + 586. What is h(-145)?
6
Let g(t) = -112*t**2 + 30248*t - 2110. What is g(270)?
50
Let c(q) = 2*q**3 - 36*q**2 - 468*q + 134. Determine c(-9).
-28
Let j(v) = 3*v**2 + 5174*v + 46624. Give j(-9).
301
Let j(c) = 13*c**2 + 4303*c + 4300. What is j(-1)?
10
Let g(n) = -4*n**3 - 120*n**2 + 282*n + 8450. Give g(-30).
-10
Let g(o) = 2*o**2 + 37*o - 1037. Determine g(13).
-218
Let c(t) = -t**2 - 81*t + 118. Determine c(-32).
1686
Let q(k) = -20*k**2 + 86*k - 361. Calculate q(5).
-431
Let j(z) = 84*z**3 + 17304*z**2 - 3*z - 670. Give j(-206).
-52
Let t(a) = -2154*a + 316552. Give t(147).
-86
Let r(d) = -5*d**3 - 355*d**2 - 1072*d - 168. What is r(-3)?
-12
Let b(n) = -6*n**2 + 1405*n - 36720. Calculate b(30).
30
Let a(o) = -18*o**3 + 7762*o**2 - 1725*o + 402. Give a(431).
-29
Let w(i) = -i**2 + 14466*i - 2472674. Give w(173).
15
Let t(f) = -1600*f - 104007. Calculate t(-65).
-7
Let z(o) = -3*o**3 - 19*o**2 + 33149*o + 198986. Determine z(-6).
56
Let q(k) = -k**2 + 1585*k + 18966. What is q(-12)?
-198
Let o(n) = 293*n + 31021. What is o(-103)?
842
Let n(v) = 2991*v**3 + 26918*v**2 + 189*v + 1793. What is n(-9)?
11
Let w(m) = 4*m**2 + 97*m + 2178. Give w(-19).
1779
Let i(l) = 146*l**2 - 4191*l + 12573. Determine i(3).
1314
Let s(m) = 568*m - 6244. Give s(11).
4
Let w(z) = -212*z**2 + 2122*z - 41. Give w(10).
-21
Let u(o) = 37*o**2 - 783*o + 169. What is u(20)?
-691
Let x(j) = -j**2 + 204*j - 6406. Calculate x(45).
749
Let u(d) = 53*d + 2125. Determine u(-7).
1754
Let b(y) = -2763*y - 21712. Calculate b(-8).
392
Let v(t) = -829594*t - 2488779. What is v(-3)?
3
Let l(r) = 2*r**3 - 5*r**2 - 43*r + 25. Give l(9).
691
Let l(t) = -4*t**2 + 669*t - 2643. Determine l(4).
-31
Let n(p) = -10880*p + 3797115. What is n(349)?
-5
Let p(w) = -w**3 + 189*w**2 - 748*w - 86. Determine p(4).
-118
Let t(x) = -x**2 + 2175*x - 231005. Give t(112).
51
Let b(r) = 2*r**3 + 10*r**2 + 1073*r + 6529. What is b(-6)?
19
Let v(k) = k**3 - 2*k**2 - 553*k + 2203. Determine v(4).
23
Let f(u) = -4*u**2 + 4*u + 1778. What is f(19)?
410
Let b(y) = 68*y**2 - 596*y - 137. What is b(9)?
7
Let f(x) = x**3 + 16*x**2 - 4622*x - 56031. Determine f(-12).
9
Let y(r) = -r**3 + 40*r**2 - 427*r + 955. What is y(23)?
127
Let t(n) = -6706*n + 154233. Determine t(23).
-5
Let l(u) = -2883*u - 69183. Calculate l(-24).
9
Let f(c) = 2*c**2 + 226*c - 13034. Calculate f(-155).
-14
Let k(l) = -5*l**3 - 10*l**2 + 91*l - 277. Give k(4).
-393
Let t(q) = q**2 + 187*q - 1973. Give t(9).
-209
Let c(q) = 26*q**3 + 181*q**2 - 34*q - 166. Calculate c(-7).
23
Let r(o) = 31491*o**2 - 2739718*o + 155. Give r(87).
68
Let h(y) = -9*y**2 - 796*y + 410. Calculate h(-90).
-850
Let g(p) = -p**3 + 930*p**2 + 588*p - 1409306. What is g(929)?
-13
Let r(j) = 4378*j - 82770. Calculate r(19).
412
Let t(v) = 4*v**2 - 132*v + 1619. Calculate t(15).
539
Let t(o) = 5*o**2 + 340*o - 19418. Calculate t(-105).
7
Let z(c) = -2050*c**2 + 18476*c - 186. What is z(9)?
48
Let g(m) = -m**3 + 511*m**2 + 181254*m - 16560. What is g(752)?
-16
Let d(l) = -28*l + 434. Determine d(11).
126
Let z(y) = -130*y**3 - 517*y**2 - 25*y - 5. Give z(-4).
143
Let m(p) = -p**3 - 37*p**2 + 128*p + 768. What is m(-40)?
448
Let w(i) = 2*i**3 - 36*i**2 + 116*i + 423. Determine w(11).
5
Let x(n) = n**3 